{"id":186,"date":"2009-12-20T19:42:27","date_gmt":"2009-12-20T19:42:27","guid":{"rendered":"http:\/\/site.sima.org.pt\/?page_id=186"},"modified":"2009-12-20T19:42:27","modified_gmt":"2009-12-20T19:42:27","slug":"publicacoes-2","status":"publish","type":"page","link":"http:\/\/sima.org.pt\/?page_id=186","title":{"rendered":"Publica\u00e7\u00f5es"},"content":{"rendered":"<p style=\"text-align: justify;\">O SIMA, desde a sua cria\u00e7\u00e3o, publica trimestralmente um boletim \u00abVoz dos Metal\u00fargicos\u00bb dedicado \u00e0 divulga\u00e7\u00e3o da actividade do sindicato, promovendo a difus\u00e3o de informa\u00e7\u00e3o importante aos nossos associados e trabalhadores em geral, relativa \u00e0 situa\u00e7\u00e3o dos diversos sectores, de empresas em particular, entre outra. Este Boletim, inicialmente somente em suporte de papel, actualmente encontra-se dispon\u00edvel, igualmente, em vers\u00e3o digital. Aqui poder\u00e1 aceder a essa vers\u00e3o, bastando clicar no item correspondente.<\/p>\n<p style=\"text-align: justify;\">Poder\u00e3o, de igual forma, encontrar comunicados que s\u00e3o distribu\u00eddos referentes a empresas em particular, ou a um sector em concreto, ou mesmo a n\u00edvel nacional. Comunicados, esses que podem incidir sobre a situa\u00e7\u00e3o particular de cada uma daquelas realidades como tratarem-se somente de ve\u00edculo informativo junto dos nossos associados.<\/p>\n","protected":false},"excerpt":{"rendered":"<p style=\"text-align: justify;\">O SIMA, desde a sua cria\u00e7\u00e3o, publica trimestralmente um boletim \u00abVoz dos Metal\u00fargicos\u00bb dedicado \u00e0 divulga\u00e7\u00e3o da actividade do sindicato, promovendo a difus\u00e3o de informa\u00e7\u00e3o importante aos nossos associados e trabalhadores em geral, relativa \u00e0 situa\u00e7\u00e3o dos diversos sectores, de empresas em particular, entre outra. Este Boletim, inicialmente somente em suporte de papel, actualmente encontra-se dispon\u00edvel, igualmente, em vers\u00e3o digital. Aqui poder\u00e1 aceder a essa vers\u00e3o, bastando clicar no item correspondente.<\/p>\n<p style=\"text-align: justify;\">Poder\u00e3o, de igual forma, encontrar comunicados que s\u00e3o distribu\u00eddos referentes a empresas em particular, ou a um sector em concreto, ou mesmo a n\u00edvel nacional. Comunicados, esses que podem incidir sobre a situa\u00e7\u00e3o particular de cada uma daquelas realidades como tratarem-se somente de ve\u00edculo informativo junto dos nossos associados.<\/p>\n","protected":false},"author":3,"featured_media":0,"parent":0,"menu_order":0,"comment_status":"closed","ping_status":"closed","template":"","meta":{"footnotes":""},"_links":{"self":[{"href":"http:\/\/sima.org.pt\/index.php?rest_route=\/wp\/v2\/pages\/186"}],"collection":[{"href":"http:\/\/sima.org.pt\/index.php?rest_route=\/wp\/v2\/pages"}],"about":[{"href":"http:\/\/sima.org.pt\/index.php?rest_route=\/wp\/v2\/types\/page"}],"author":[{"embeddable":true,"href":"http:\/\/sima.org.pt\/index.php?rest_route=\/wp\/v2\/users\/3"}],"replies":[{"embeddable":true,"href":"http:\/\/sima.org.pt\/index.php?rest_route=%2Fwp%2Fv2%2Fcomments&post=186"}],"version-history":[{"count":0,"href":"http:\/\/sima.org.pt\/index.php?rest_route=\/wp\/v2\/pages\/186\/revisions"}],"wp:attachment":[{"href":"http:\/\/sima.org.pt\/index.php?rest_route=%2Fwp%2Fv2%2Fmedia&parent=186"}],"curies":[{"name":"wp","href":"https:\/\/api.w.org\/{rel}","templated":true}]}}

Publicações

<p style="text-align: justify;">O SIMA, desde a sua criação, publica trimestralmente um boletim «Voz dos Metalúrgicos» dedicado à divulgação da actividade do sindicato, promovendo a difusão de informação importante aos nossos associados e trabalhadores em geral, relativa à situação dos diversos sectores, de empresas em particular, entre outra. Este Boletim, inicialmente somente em suporte de papel, actualmente encontra-se disponível, igualmente, em versão digital. Aqui poderá aceder a essa versão, bastando clicar no item correspondente.</p>
<p style="text-align: justify;">Poderão, de igual forma, encontrar comunicados que são distribuídos referentes a empresas em particular, ou a um sector em concreto, ou mesmo a nível nacional. Comunicados, esses que podem incidir sobre a situação particular de cada uma daquelas realidades como tratarem-se somente de veículo informativo junto dos nossos associados.</p>
